lculate d(9).
-128
Let n(s) = -37*s**2 - 173*s + 62. Calculate n(-5).
2
Let w(b) = -b**3 + 18*b**2 + 26*b - 127. What is w(19)?
6
Let f(w) = w**2 - 130*w + 906. Give f(8).
-70
Let s(k) = -2*k**2 + 27*k + 41. Determine s(-6).
-193
Let g(s) = -254*s + 266. Determine g(1).
12
Let q(f) = -8*f**2 + 459*f - 2229. Give q(52).
7
Let s(z) = 2*z + 95. Give s(-31).
33
Let j(u) = -u**3 + 4*u**2 - 23*u + 65. Determine j(3).
5
Let q(n) = 29*n + 962. Give q(-33).
5
Let q(r) = -2*r**2 - 76*r + 28. Calculate q(-38).
28
Let x(t) = -t**3 - 14*t**2 - 3*t + 174. What is x(-12)?
-78
Let l(y) = -364*y - 2982. Calculate l(-9).
294
Let m(w) = -9361*w - 28084. Determine m(-3).
-1
Let o(c) = c**2 - 67*c - 8573. Determine o(-65).
7
Let p(m) = m**3 + 9*m**2 + 33*m + 20. Give p(-10).
-410
Let b(n) = n**3 - 101*n**2 + 103*n - 303. Determine b(100).
-3
Let g(n) = 2*n**3 - 13*n**2 - 17*n - 7. Give g(8).
49
Let y(g) = g**3 + 16*g**2 + 20*g + 17. Determine y(-15).
-58
Let l(t) = 3*t**2 - 51*t + 223. Calculate l(9).
7
Let q(s) = -2*s**2 - 57*s + 550. Calculate q(-32).
326
Let j(a) = -a**3 + 15*a**2 + 499*a - 99. Give j(31).
-6
Let c(z) = z**2 - 25*z - 17. What is c(45)?
883
Let t(o) = -10*o + 146. Determine t(16).
-14
Let c(l) = 15*l**3 + 5*l**2 - 46*l - 51. Give c(-1).
-15
Let j(d) = d**3 - 37*d**2 + 164*d - 108. Calculate j(32).
20
Let x(f) = 35*f - 370. Calculate x(-2).
-440
Let b(k) = -2*k**3 + 6*k**2 + 54*k + 13. Determine b(-6).
337
Let j(w) = w**2 - 436*w - 13973. What is j(-30)?
7
Let q(v) = v**2 + 11*v + 36. Determine q(-10).
26
Let h(j) = -j**2 - 7*j + 2. What is h(-9)?
-16
Let l(q) = q**2 - 19*q + 167. Give l(15).
107
Let b(x) = -2*x**2 - 358*x + 1845. Determine b(5).
5
Let g(o) = 2519*o + 37782. Calculate g(-15).
-3
Let c(q) = -3*q**2 - 3*q + 44. Calculate c(10).
-286
Let k(w) = -55*w**2 + 18*w - 34. Determine k(2).
-218
Let h(p) = 5*p**3 - 40*p**2 + 168*p - 9. Give h(5).
456
Let u(f) = 20*f + 264. Calculate u(-16).
-56
Let d(j) = 3*j**3 + 19*j**2 - 39*j - 5. Give d(5).
650
Let c(t) = 7483*t - 15011. Calculate c(2).
-45
Let g(v) = 12*v**2 - v + 87. Determine g(0).
87
Let a(l) = -3*l**2 - 7*l - 23. Calculate a(3).
-71
Let l(v) = -v**3 + 10*v**2 + 506*v + 52. What is l(-18)?
16
Let k(u) = u**3 + 30*u**2 - 62*u - 1855. What is k(-30)?
5
Let n(b) = -5*b**3 - 8*b**2 + 3*b + 49. Give n(-4).
229
Let q(d) = -5012*d - 25060. Give q(-5).
0
Let l(f) = 11*f**2 + 206*f - 117. Give l(-20).
163
Let n(b) = -9*b - 334. Give n(-37).
-1
Let f(t) = 26*t + 233. Calculate f(-9).
-1
Let a(m) = -50*m - 524. Calculate a(-9).
-74
Let k(z) = z**2 + 610*z + 3622. Calculate k(-6).
-2
Let f(h) = 369*h + 1867. Give f(-5).
22
Let n(u) = -20*u + 1002. What is n(64)?
-278
Let q(p) = -42*p - 18. Give q(5).
-228
Let b(s) = -601*s + 4994. Calculate b(8).
186
Let b(a) = -5*a**2 - 40*a - 49. Determine b(-5).
26
Let r(o) = 383*o - 9154. Determine r(24).
38
Let n(j) = -j + 15. Give n(51).
-36
Let v(l) = 3*l - 27. What is v(14)?
15
Let f(h) = -h**2 - 60*h - 999. Determine f(-27).
-108
Let t(o) = -o**2 - 65*o + 10877. Determine t(-142).
-57
Let v(j) = j**3 - 73*j**2 - 64*j - 843. What is v(74)?
-103
Let g(w) = w**3 + 34*w**2 + 103*w + 638. What is g(-32)?
-610
Let f(x) = 2*x**2 - 92*x + 56. Calculate f(45).
-34
Let z(h) = 7*h**2 - 290*h + 124. Determine z(41).
1
Let n(t) = -182*t - 1339. Determine n(-8).
117
Let c(j) = 3*j**3 - 12*j**2 - 17*j + 4. Determine c(5).
-6
Let z(l) = 3*l - 5. What is z(0)?
-5
Let j(v) = -v**3 - 33*v**2 + 77*v + 261. What is j(-35)?
16
Let j(k) = k - 52. Calculate j(-1).
-53
Let g(b) = -b**3 - 36*b**2 + 37*b - 63. What is g(-37)?
-63
Let o(t) = -16*t**2 + 11*t + 12. Give o(-1).
-15
Let n(t) = -t**2 + 6*t + 241. Give n(-13).
-6
Let o(r) = -r**3 + 131*r**2 + 2354*r - 292. Determine o(147).
2
Let n(s) = 310*s - 558. Determine n(2).
62
Let j(t) = 2*t**2 - 186*t + 2852. Calculate j(17).
268
Let l(c) = -90*c**3 - 4*c**2 - c + 3. Calculate l(-1).
90
Let v(z) = -2*z**3 - 25*z**2 - 153*z - 1391. What is v(-11)?
-71
Let o(u) = u**3 + 21*u**2 - 36*u + 95. Calculate o(-23).
-135
Let n(s) = s**2 + 97*s + 2371. Determine n(-68).
399
Let x(c) = -57*c + 675. What is x(10)?
105
Let x(l) = -1977*l + 13836. Calculate x(7).
-3
Let m(d) = -d**2 - 101*d + 10785. Calculate m(-166).
-5
Let m(q) = 260*q - 38492. What is m(148)?
-12
Let a(k) = 8*k**2 + 25*k - 139. Determine a(-6).
-1
Let h(p) = 28*p - 1077. Determine h(39).
15
Let m(x) = x**2 - 13*x - 185. Determine m(23).
45
Let b(h) = h**3 + 64*h**2 - 512*h - 1070. Calculate b(-71).
-5
Let t(b) = -b**3 - 39*b**2 - 362*b - 76. Give t(-24).
-28
Let k(q) = 438*q - 3018. Determine k(7).
48
Let q(u) = 6*u + 115. Calculate q(-9).
61
Let f(k) = -3*k**2 + 11*k + 1. Calculate f(7).
-69
Let x(s) = -9*s**2 + 82*s - 152. What is x(2)?
-24
Let j(o) = 146*o + 2911. Calculate j(-20).
-9
Let a(o) = -35*o**2 - 240*o + 17. Give a(-7).
-18
Let i(n) = -15*n**2 + 268*n + 643. Determine i(20).
3
Let c(y) = y**3 - 10*y**2 - 6*y - 8. Determine c(6).
-188
Let y(l) = 2*l**2 - 35*l + 119. What is y(14)?
21
Let s(i) = 19*i**2 + 2*i - 2. What is s(1)?
19
Let d(z) = -76*z - 917. Calculate d(-12).
-5
Let f(s) = s**2 - 89*s - 885. Determine f(-9).
-3
Let w(d) = -10*d**2 - 25*d - 94. Determine w(-5).
-219
Let z(j) = -j**2 + 95*j - 1696. Determine z(24).
8
Let d(z) = 11*z**2 - 63*z - 91. Determine d(6).
-73
Let z(v) = 77*v**3 + 8*v**2 - 12*v + 3. What is z(1)?
76
Let a(m) = -23580*m + 165064. Determine a(7).
4
Let n(v) = 13*v**2 - 25. What is n(4)?
183
Let w(b) = 272*b - 8710. Determine w(32).
-6
Let q(f) = -5*f - 24. Give q(-15).
51
Let b(k) = 60*k - 1346. What is b(22)?
-26
Let j(v) = 299*v + 2526. What is j(-8)?
134
Let m(i) = i**3 + 24*i**2 - 118*i - 1700. Calculate m(-26).
16
Let p(b) = 8*b**3 + 59*b + 201. Determine p(-4).
-547
Let f(s) = -634*s + 63. Calculate f(0).
63
Let g(n) = n**2 + 76*n + 642. Give g(-10).
-18
Let k(j) = -j**3 + 23*j**2 - 67*j - 230. Determine k(19).
-59
Let a(o) = -5*o**2 + 17*o + 15. Determine a(8).
-169
Let o(g) = -10*g - 62. Calculate o(45).
-512
Let c(q) = -4*q**3 - 66*q**2 - 27*q + 8. Give c(-16).
-72
Let c(m) = 3*m**2 - 327*m + 951. What is c(106)?
-3
Let b(l) = -556*l + 153. Calculate b(1).
-403
Let f(u) = u**3 + 14*u**2 + 15*u - 156. Give f(-5).
-6
Let w(u) = 120*u**3 + u. Calculate w(1).
121
Let c(y) = 3*y**2 + 66*y - 73. Determine c(-23).
-4
Let o(c) = -c**2 + 21*c - 112. Calculate o(16).
-32
Let o(x) = -19111*x - 95569. Calculate o(-5).
-14
Let r(d) = -d**3 + 7*d**2 + 37*d - 96. What is r(10)?
-26
Let x(y) = 2*y**3 + 82*y**2 - 165*y + 304. What is x(-43)?
3
Let z(r) = 46*r + 1767. Give z(-35).
157
Let i(p) = 142*p - 364. Determine i(3).
62
Let m(v) = -2*v**2 + 35*v + 87. Calculate m(-6).
-195
Let b(l) = -14*l**2 - 42*l + 5. What is b(-2)?
33
Let z(r) = -r**3 + 134*r**2 + 706*r + 58. Determine z(-5).
3
Let a(r) = -r**3 - 55*r**2 - 95*r + 575. Determine a(-53).
-8
Let c(v) = v**2 - 2*v - 69. What is c(9)?
-6
Let s(r) = -85*r**2 - 600*r - 32. Give s(-7).
3
Let g(b) = -140*b + 131. What is g(1)?
-9
Let k(a) = 9*a + 126. Determine k(-12).
18
Let j(c) = 14*c + 19. Calculate j(1).
33
Let p(j) = -5*j**2 + 42*j + 50. Give p(12).
-166
Let d(x) = -x**3 + 20*x**2 + 43*x + 27. Calculate d(22).
5
Let r(h) = h**2 + 78*h + 739. What is r(-11)?
2
Let q(w) = w**2 + 39*w + 256. Give q(-8).
8
Let s(g) = -3888*g + 19450. Calculate s(5).
10
Let t(l) = -201*l + 2744. Determine t(13).
131
Let l(c) = 7*c**2 + 24*c - 105. Give l(4).
103
Let c(m) = 8*m - 31. Determine c(-14).
-143
Let x(d) = -20*d - 278. Determine x(-8).
-118
Let i(k) = -4*k**3 - 83*k**2 + 29*k + 160. Determine i(-21).
-8
Let h(z) = z**2 + 134*z - 1136. Determine h(-142).
0
Let u(g) = -439*g + 6149. Give u(14).
3
Let x(a) = -a**2 + 84*a - 613. Calculate x(8).
-5
Let z(k) = 5*k**2 - 11*k + 3. What is z(2)?
1
Let d(p) = -99*p - 79. Calculate d(-2).
119
Let b(p) = p**2 + 554*p + 40624. Calculate b(-87).
-5
Let k(n) = 22*n**2 + 44. Give k(0).
44
Let j(x) = -3*x**2 - 251*x + 288. Determine j(-85).
-52
Let y(w) = 3*w**3 - 331*w**2 + 110*w - 12. Give y(110).
-12
Let x(y) = 70*y - 1684. Calculate x(24).
-4
Let y(x) = -2*x**3 - 26*x**2 - 79*x - 61. Give y(-9).
2
Let f(x) = x**2 + 659*x - 4012. What is f(6)?
-22
Let q(y) = 2*y**3 + 16*y**2 + 101*y + 637. Determine q(-7).
28
Let y(k) = -k**2 + 4*k + 29. Determine y(